 = 93 + -189. Let p = -41 - y. What is the units digit of p?
5
Suppose 0 = 5*o - 233 + 798. Let r = -58 - o. Suppose 4*c = -c + r. What is the tens digit of c?
1
Let d(g) = g**3 + 8*g**2 + 2*g + 4. What is the units digit of d(-7)?
9
Let y = -6 - -9. Let x = 7 - y. Suppose x*c - 12 = -0*c. What is the units digit of c?
3
Suppose 4*x - 7*x = -n + 23, 4*n = -3*x + 32. What is the tens digit of n?
1
Let z = 3 - -4. Let v(g) = g**3 - 7*g**2 + 3*g - 5. What is the units digit of v(z)?
6
Let q be ((-6)/(-4))/(3/4). Let m be 3 - 0*q/(-6). Suppose -5*v + 0*v = 4*f - 22, m*v = 5*f + 28. What is the units digit of v?
6
Suppose -5*p - 9 + 34 = 0. Suppose -p*t - 1 + 16 = 0. What is the units digit of t?
3
Let g(o) = o**3 - 10*o**2 + 11*o + 13. Suppose 5*h - 42 = v, 3*v - 36 = -5*h + 2*h. What is the units digit of g(h)?
1
Suppose -2*j - 5*v + 3*v + 336 = 0, -4*j - 3*v = -674. Suppose 4*p + j = 9*p. What is the units digit of p?
4
Let q be 6/(-33) + (-26)/(-22). Let t = q + -1. Suppose -s + 2 = -t. What is the units digit of s?
2
Let a = -1 + 6. Suppose -a*y + 2 = -4*y - 5*v, -4*y + 8 = -3*v. Suppose -2*o - b + 0 = -7, -4*b - 22 = -y*o. What is the units digit of o?
5
Let r(g) = 27*g + 6. Let t be r(-4). Let s = 180 + t. What is the units digit of (-4)/6 - s/(-9)?
8
What is the tens digit of 873/18 + (-6)/(-4)?
5
What is the units digit of ((-3)/2)/(12/(-296))?
7
Let v = -4 + 6. Let h = 6 + v. What is the units digit of h?
8
Suppose -6 = 2*r - r. Let h(y) = -y**2 - 9*y - 7. What is the tens digit of h(r)?
1
Suppose 0 = 5*i - 51 - 64. What is the tens digit of i?
2
Let i(a) be the third derivative of a**5/60 + a**4/8 + 2*a**3/3 + 6*a**2. What is the units digit of i(-5)?
4
Let y(t) = 3*t**3 - 8*t**2 - 5*t - 7. Let m(i) = i**3 - i**2 + i. Let b = 5 - 6. Let r(f) = b*y(f) + 2*m(f). What is the units digit of r(7)?
7
Let l be (-9)/(-5) + 3/15. Suppose q - l*p - p = 23, -4*q - p = -27. Let j(z) = z - 7. What is the units digit of j(q)?
1
Suppose 5*w = 1714 + 91. What is the tens digit of w?
6
Suppose -2*x + a + a = 10, -4*x = -a + 29. Let o be (-2)/x*-3*-4. Suppose 4*m - 17 = o*q, 4*m - 8 - 8 = 4*q. What is the units digit of m?
5
Let x = -14 + 4. What is the tens digit of (55/x)/((-1)/2)?
1
Let s = -3 + 6. Suppose -s*l = -l - 34. What is the units digit of l?
7
Suppose -4*b = -b. What is the units digit of (-9)/(b - -3) - -6?
3
Let n be 0*2*(-3)/6. Suppose 5*f + n = 20. What is the units digit of f?
4
What is the hundreds digit of (-1368)/16*8/(-6)?
1
What is the hundreds digit of (-2)/(-7) + (-5)/(70/(-2054))?
1
Let n(s) = s - 13. What is the units digit of n(16)?
3
Let w = 14 + 91. What is the tens digit of w?
0
Suppose -2 - 52 = -2*q. Let b = q + -12. What is the units digit of -2*2/((-12)/b)?
5
Let j = -20 - -64. Suppose -2*y - j = -6*y. What is the units digit of y?
1
Suppose 2*u = 52 + 66. What is the units digit of u?
9
Suppose -2*u - 3*c = u - 162, -5*u + 282 = 2*c. Let o = -36 + u. Suppose -i + 2 = 0, -5*j - 2*i + 6*i + o = 0. What is the units digit of j?
6
Suppose 0 = 4*l - 4*c - 32, -4*c - 5 - 3 = 0. Let z(s) = s**3 - 6*s**2 - s + 3. Let w be z(l). Let q = w - -6. What is the units digit of q?
3
Suppose -2*w = 21*w - 8165. What is the units digit of w?
5
Suppose -5*t - 358 = -1258. What is the units digit of t?
0
Let x(n) = -13*n + 1. Let v be -2 + (-2 - (-10)/1). Suppose 0 = -v*u + u - 5. What is the tens digit of x(u)?
1
Let x(u) = 4*u**3 - 7 + 3*u**2 + 3*u - 3*u**3 - u + 3*u**2. What is the units digit of x(-5)?
8
Suppose 0 = -3*o + 7 + 5. Suppose 3 = -2*r - 2*l + 49, -o*l - 70 = -2*r. What is the units digit of r?
7
Suppose -3*u - 12 = 0, 4*z + 0*u + 4*u - 580 = 0. What is the units digit of z?
9
Let s = 0 + 2. Suppose -s*x + x + 1 = 0. What is the units digit of x?
1
Let j(u) = 5*u - 7. What is the units digit of j(10)?
3
Let y be ((-3)/(-2))/(9/12). What is the units digit of (-2 - -3)*2/y?
1
Let a(l) = l**2 - 12*l - 3. What is the units digit of a(18)?
5
Let o(q) = q**2 - 8*q - 12. Suppose -4*i + 40 = -2*u, 4*i - 29 = 5*u + 11. What is the units digit of o(i)?
8
Let p(m) = -m**2 - 9*m - 3. Suppose 5*b + 4*j = -30, 2*b = 3*j - 6 - 6. Let a be p(b). Let f = a - 9. What is the units digit of f?
6
Suppose s - 3*c - 220 = 0, 2*c - 4 = -2*c. What is the units digit of s?
3
Let l(d) = d**2 + 3*d + 3. Let m(a) = 2*a**3 - 3*a**2 - 3*a - 2. Let i be m(3). Suppose j + 4*c = i, -2*c + 3*c - 25 = 5*j. What is the units digit of l(j)?
7
Let m = 1 + 3. What is the units digit of m?
4
Suppose -m = -98 + 14. Let h = m + -33. What is the units digit of h?
1
Let j(w) = w + 13. Let m be j(12). Suppose -2*a - m + 103 = 0. What is the units digit of a?
9
Let t(b) = b - 3. Let p(k) = -6*k**3 - 1. Let v be (2/2)/((-1)/1). Let x be p(v). What is the units digit of t(x)?
2
Let t(p) = p - 7. Let d be t(7). Suppose 0 = -2*j - d*j + 14. What is the units digit of j?
7
Let c(z) = z**2 - z + 24. What is the units digit of c(-7)?
0
Let h = -6 + 4. Let v = -3 - h. What is the units digit of 8 - (4/v + 2)?
0
Let p be -1 - (0 + (-76)/(-4)). What is the units digit of -95*(-1 - 12/p)?
8
Let v be 1*28 + (-5 - -3). Let u be v/10 + (-14)/(-35). Suppose 3*r - 18 = h, 6 = r + u*h + h. What is the units digit of r?
6
Suppose 0 = 3*k + 4*d - 304, -2*k + 145 = d - 51. What is the units digit of k?
6
Suppose y = 2 + 22. What is the tens digit of y?
2
Let o be 8/(-16) + 17/2. Suppose 6*r - o*r = -26. What is the tens digit of r?
1
Let b(n) = 3*n**2 - 11*n + 4. Let q(l) = -5*l**2 + 21*l - 7. Suppose 3*r - 6 = 15. Let f(m) = r*b(m) + 4*q(m). What is the units digit of f(-8)?
8
Let h(p) = -p**3 - 2*p**2 + p + 4. Let m be h(-2). Suppose 0*l + 4*i = -2*l + 62, m*i = -4*l + 124. What is the tens digit of l?
3
Suppose 5 = 4*q - 3. Let t = q - 2. Suppose -2*y + 19 - 5 = t. What is the units digit of y?
7
Suppose -m + 55 = 5*l, l = -5*m + 115 + 232. What is the tens digit of m?
7
Let g(u) = -u - 7 + 2 + 7. Let o be g(-9). What is the units digit of 138/33 - 2/o?
4
Let i = 94 - 54. Suppose 0 = -4*a + i + 40. What is the units digit of a?
0
Let u(w) = w**3 + 6*w**2 + 4*w + 3. Let q be u(-4). Let t = -9 + q. What is the units digit of -3*(t/3)/(-1)?
0
Let n be -2 - (-1)/(1 + -2). What is the units digit of (2/n)/((-2)/33)?
1
Let d be 3*(4/(-4))/(-1). Suppose -5*f - 5*i + 265 = 0, -3*f = -d*i - 91 - 74. What is the tens digit of f?
5
Let c(f) = f**3 - f**2 - f. Let z(i) = i**3 + 10*i**2 - 4*i + 13. Let d(b) = 2*c(b) - z(b). What is the units digit of d(12)?
1
Suppose 2*q - 5*v + 68 = 0, 4*q + v + 164 = 4*v. Let h = -30 - q. What is the units digit of h?
4
Let b(t) = t**2 + 8*t - 5. Suppose -3*c + 0*c + 15 = 0. Let r be b(c). Suppose 3*k - r = -5*w, -w + 0*k + k + 12 = 0. What is the tens digit of w?
1
Let g(c) = -6*c**2 + 4*c - 4. Let b(t) = -7*t**2 + 5*t - 5. Let f(a) = 5*b(a) - 6*g(a). What is the units digit of f(-2)?
1
Suppose c + 2*c - 9 = 0. Suppose -3*b - b = 2*h - 24, -c*b - 5*h + 4 = 0. What is the units digit of b?
8
Let y(b) = b**3 - b + 3. Let c be y(0). Suppose c*i = 2*i + 11. What is the units digit of i?
1
Let p = 6 + 4. Suppose -5*t + 20 = -p*t. What is the tens digit of ((-26)/t)/(2/4)?
1
Let g = -4 - -3. Suppose -1 = -d, -2*m + 2*d - 4 = 4*d. Let c = g - m. What is the units digit of c?
2
Suppose -882 = -15*h + 6*h. What is the tens digit of h?
9
Suppose k + 5*r = 31 - 11, 4*k + 2*r - 8 = 0. Suppose k = m - 0*m - 10. Let a = -7 + m. What is the units digit of a?
3
Let d(n) = -n + 12. Let x be d(8). Suppose h + 19 = 4*b - 6, x*h = -4*b. What is the units digit of b?
5
Suppose 0 = -2*v - 2*b + 8, 3*v + b - 22 = -0*b. What is the units digit of v?
9
Let w be (0 + 1)/((-3)/(-51)). Suppose -3*t + w = -94. What is the units digit of t?
7
Let n = -45 - -17. Let g = -20 - n. What is the units digit of g?
8
Let j(y) = y**3 + 8*y**2 + 7*y. Let z be j(-7). Let q be z + -14 + 1 + -2. Let u = -1 - q. What is the tens digit of u?
1
What is the units digit of -86*(-1)/(-2)*-1?
3
Suppose 3 = -2*m - 3. Let a = 2 - m. What is the units digit of a?
5
Let b(p) be the third derivative of -p**4/4 - 5*p**3/6 + 10*p**2. What is the units digit of b(-9)?
9
Suppose 4*u = -2*g + 270, -2*u + g - 6*g = -123. What is the units digit of u?
9
What is the units digit of 7 + (1 + 4 - 2)?
0
Let c be 10/3*24/10.